{"id":236322,"date":"2024-03-26T07:59:32","date_gmt":"2024-03-26T11:59:32","guid":{"rendered":"https:\/\/takeaway-dev.es\/qualitymetalpre\/?page_id=236322"},"modified":"2024-04-18T08:12:15","modified_gmt":"2024-04-18T12:12:15","slug":"valvula-de-paso-de-bola","status":"publish","type":"page","link":"https:\/\/takeaway-dev.es\/qualitymetalpre\/plomeria\/valvulas\/valvula-de-paso-de-bola\/","title":{"rendered":"V\u00e1lvula de paso de bola"},"content":{"rendered":"<p>[et_pb_section fb_built=&#8221;1&#8243; _builder_version=&#8221;4.16&#8243; custom_margin=&#8221;0px||0px||true|false&#8221; custom_margin_tablet=&#8221;&#8221; custom_margin_phone=&#8221;0px||||false|false&#8221; custom_margin_last_edited=&#8221;on|desktop&#8221; custom_padding=&#8221;0px||0px||true|false&#8221; da_disable_devices=&#8221;off|off|off&#8221; global_colors_info=&#8221;{}&#8221; da_is_popup=&#8221;off&#8221; da_exit_intent=&#8221;off&#8221; da_has_close=&#8221;on&#8221; da_alt_close=&#8221;off&#8221; da_dark_close=&#8221;off&#8221; da_not_modal=&#8221;on&#8221; da_is_singular=&#8221;off&#8221; da_with_loader=&#8221;off&#8221; da_has_shadow=&#8221;on&#8221;][et_pb_row column_structure=&#8221;2_5,3_5&#8243; _builder_version=&#8221;4.16&#8243; background_color=&#8221;#545454&#8243; use_background_color_gradient=&#8221;on&#8221; background_color_gradient_direction=&#8221;90deg&#8221; background_color_gradient_stops=&#8221;#01060a 62%|#545454 100%&#8221; background_color_gradient_start=&#8221;#01060a&#8221; background_color_gradient_start_position=&#8221;62%&#8221; background_color_gradient_end=&#8221;#545454&#8243; width=&#8221;100%&#8221; max_width=&#8221;100%&#8221; custom_margin=&#8221;0px||0px||false|false&#8221; custom_padding=&#8221;0px||0px||false|false&#8221; global_colors_info=&#8221;{}&#8221;][et_pb_column type=&#8221;2_5&#8243; _builder_version=&#8221;4.16&#8243; custom_padding=&#8221;50px|||50px|false|false&#8221; custom_padding_tablet=&#8221;&#8221; custom_padding_phone=&#8221;|||40px|false|false&#8221; custom_padding_last_edited=&#8221;on|phone&#8221; global_colors_info=&#8221;{}&#8221;][et_pb_text _builder_version=&#8221;4.17.4&#8243; _dynamic_attributes=&#8221;content&#8221; text_font=&#8221;Poppins||||||||&#8221; text_text_color=&#8221;#FFFFFF&#8221; text_font_size=&#8221;35px&#8221; text_letter_spacing=&#8221;-1px&#8221; text_line_height=&#8221;1.2em&#8221; header_text_color=&#8221;#FFFFFF&#8221; header_font_size=&#8221;32px&#8221; header_2_font=&#8221;||||||||&#8221; header_2_text_color=&#8221;#000000&#8243; header_2_font_size=&#8221;18px&#8221; header_2_line_height=&#8221;1.8em&#8221; width=&#8221;80%&#8221; custom_margin=&#8221;10px||10px||true|false&#8221; custom_margin_tablet=&#8221;&#8221; custom_margin_phone=&#8221;0px||||false|false&#8221; custom_margin_last_edited=&#8221;on|phone&#8221; global_colors_info=&#8221;{}&#8221;]@ET-DC@eyJkeW5hbWljIjp0cnVlLCJjb250ZW50IjoicG9zdF90aXRsZSIsInNldHRpbmdzIjp7ImJlZm9yZSI6IiIsImFmdGVyIjoiIn19@[\/et_pb_text][et_pb_text _builder_version=&#8221;4.17.4&#8243; text_font=&#8221;Poppins|300|||||||&#8221; text_text_color=&#8221;#FFFFFF&#8221; text_font_size=&#8221;14px&#8221; text_line_height=&#8221;1.6em&#8221; header_font_size=&#8221;32px&#8221; header_2_font=&#8221;||||||||&#8221; header_2_text_color=&#8221;#000000&#8243; header_2_font_size=&#8221;18px&#8221; header_2_line_height=&#8221;1.8em&#8221; width=&#8221;80%&#8221; custom_margin=&#8221;||30px||false|false&#8221; custom_padding=&#8221;||4px|||&#8221; global_colors_info=&#8221;{}&#8221;]<\/p>\n<p>Elaborada en acero inoxidable AISI304, soporta altas temperaturas y cuenta con asientos de tefl\u00f3n. Evita todo tipo de fatigas o fugas en tu hogar.<\/p>\n<p>Producto certificado de presi\u00f3n nominal otorgado por el IMME en la UCV en su escuela de Ingenier\u00eda Mec\u00e1nica.<\/p>\n<p>Proceso de fabricaci\u00f3n certificado bajo la norma ISO9001.<\/p>\n<p>&nbsp;<\/p>\n<p>&nbsp;<\/p>\n<p>[\/et_pb_text][\/et_pb_column][et_pb_column type=&#8221;3_5&#8243; _builder_version=&#8221;4.16&#8243; background_enable_color=&#8221;off&#8221; background_enable_image=&#8221;off&#8221; global_colors_info=&#8221;{}&#8221;][et_pb_video src=&#8221;https:\/\/takeaway-dev.es\/qualitymetalpre\/wp-content\/uploads\/2024\/04\/Valvula-de-paso-de-bola.mp4&#8243; _builder_version=&#8221;4.17.4&#8243; _module_preset=&#8221;default&#8221; title_text=&#8221;V\u00e1lvula de paso de bola montaje&#8221; alt=&#8221;V\u00e1lvula de paso de bola acero inoxidable 304&#8243; image_src=&#8221;https:\/\/takeaway-dev.es\/qualitymetalpre\/wp-content\/uploads\/2024\/04\/Valvula-de-paso-de-bola-acero-inoxidable-304.png&#8221; hover_enabled=&#8221;0&#8243; sticky_enabled=&#8221;0&#8243;][\/et_pb_video][\/et_pb_column][\/et_pb_row][et_pb_row _builder_version=&#8221;4.16&#8243; width=&#8221;100%&#8221; max_width=&#8221;90%&#8221; custom_margin=&#8221;60px||60px||true|false&#8221; custom_padding=&#8221;0px||0px||true|false&#8221; global_colors_info=&#8221;{}&#8221;][et_pb_column type=&#8221;4_4&#8243; _builder_version=&#8221;4.16&#8243; global_colors_info=&#8221;{}&#8221;][et_pb_shop type=&#8221;product_category&#8221; posts_number=&#8221;100&#8243; show_pagination=&#8221;on&#8221; include_categories=&#8221;533&#8243; columns_number=&#8221;4&#8243; orderby=&#8221;menu_order&#8221; icon_hover_color=&#8221;#000000&#8243; module_class=&#8221;my_infinite_shop&#8221; _builder_version=&#8221;4.17.4&#8243; title_font=&#8221;Poppins|300|||||||&#8221; title_font_size=&#8221;12px&#8221; title_line_height=&#8221;1.8em&#8221; width=&#8221;80%&#8221; width_tablet=&#8221;&#8221; width_phone=&#8221;100%&#8221; width_last_edited=&#8221;on|phone&#8221; module_alignment=&#8221;center&#8221; custom_css_price=&#8221;display: none !important;||&#8221; global_colors_info=&#8221;{}&#8221;][\/et_pb_shop][\/et_pb_column][\/et_pb_row][\/et_pb_section][et_pb_section fb_built=&#8221;1&#8243; _builder_version=&#8221;4.16&#8243; _module_preset=&#8221;default&#8221; background_color=&#8221;#000000&#8243; custom_padding=&#8221;0px|0px|0px||true|false&#8221; da_disable_devices=&#8221;off|off|off&#8221; locked=&#8221;off&#8221; global_colors_info=&#8221;{}&#8221; da_is_popup=&#8221;off&#8221; da_exit_intent=&#8221;off&#8221; da_has_close=&#8221;on&#8221; da_alt_close=&#8221;off&#8221; da_dark_close=&#8221;off&#8221; da_not_modal=&#8221;on&#8221; da_is_singular=&#8221;off&#8221; da_with_loader=&#8221;off&#8221; da_has_shadow=&#8221;on&#8221;][et_pb_row _builder_version=&#8221;4.16&#8243; width=&#8221;100%&#8221; max_width=&#8221;90%&#8221; custom_padding=&#8221;40px|||||&#8221; global_colors_info=&#8221;{}&#8221;][et_pb_column type=&#8221;4_4&#8243; _builder_version=&#8221;4.16&#8243; global_colors_info=&#8221;{}&#8221;][et_pb_text _builder_version=&#8221;4.17.4&#8243; text_font=&#8221;Poppins|300|||||||&#8221; text_text_color=&#8221;#545454&#8243; text_font_size=&#8221;14px&#8221; text_line_height=&#8221;1.6em&#8221; header_font=&#8221;Poppins|300||on|||||&#8221; header_text_align=&#8221;left&#8221; header_text_color=&#8221;#FFFFFF&#8221; header_font_size=&#8221;40px&#8221; header_letter_spacing=&#8221;-2px&#8221; header_2_font=&#8221;||||||||&#8221; header_2_text_color=&#8221;#000000&#8243; header_2_font_size=&#8221;18px&#8221; header_2_line_height=&#8221;1.8em&#8221; header_3_font=&#8221;Poppins|300||on|||||&#8221; header_3_text_align=&#8221;left&#8221; header_3_text_color=&#8221;#FFFFFF&#8221; header_3_font_size=&#8221;40px&#8221; text_orientation=&#8221;center&#8221; width=&#8221;100%&#8221; header_font_size_tablet=&#8221;40px&#8221; header_font_size_phone=&#8221;35px&#8221; header_font_size_last_edited=&#8221;on|phone&#8221; global_module=&#8221;229734&#8243; saved_tabs=&#8221;all&#8221; locked=&#8221;off&#8221; global_colors_info=&#8221;{}&#8221;]<\/p>\n<h3>Elementos que marcan la diferencia<\/h3>\n<p>[\/et_pb_text][\/et_pb_column][\/et_pb_row][et_pb_row column_structure=&#8221;1_3,1_3,1_3&#8243; _builder_version=&#8221;4.16&#8243; _module_preset=&#8221;default&#8221; width=&#8221;100%&#8221; max_width=&#8221;90%&#8221; custom_padding=&#8221;20px||100px||false|false&#8221; global_colors_info=&#8221;{}&#8221;][et_pb_column type=&#8221;1_3&#8243; _builder_version=&#8221;4.16&#8243; _module_preset=&#8221;default&#8221; global_colors_info=&#8221;{}&#8221;][et_pb_blurb title=&#8221;Elaborados en Acero Inoxidable AISI 304&#8243; image=&#8221;https:\/\/takeaway-dev.es\/qualitymetalpre\/wp-content\/uploads\/2021\/05\/Acero-304.svg&#8221; alt=&#8221;Icono Acero Inoxidable 304 Quality Metal&#8221; icon_placement=&#8221;left&#8221; title_tablet=&#8221;Elaborados en Acero Inoxidable AISI 304&#8243; title_phone=&#8221;Elaborados en Acero Inoxidable AISI 304&#8243; title_last_edited=&#8221;on|phone&#8221; content_max_width_tablet=&#8221;100%&#8221; content_max_width_phone=&#8221;&#8221; content_max_width_last_edited=&#8221;on|tablet&#8221; _builder_version=&#8221;4.17.4&#8243; _module_preset=&#8221;default&#8221; header_font=&#8221;Poppins||||||||&#8221; header_text_color=&#8221;#FFFFFF&#8221; header_font_size=&#8221;16px&#8221; body_font=&#8221;Poppins|300|||||||&#8221; body_text_color=&#8221;#FFFFFF&#8221; body_font_size=&#8221;14px&#8221; body_line_height=&#8221;1.4em&#8221; custom_padding=&#8221;|95px|||false|false&#8221; custom_padding_tablet=&#8221;&#8221; custom_padding_phone=&#8221;|15px|||false|false&#8221; custom_padding_last_edited=&#8221;on|phone&#8221; global_colors_info=&#8221;{}&#8221;][\/et_pb_blurb][et_pb_blurb title=&#8221;Higi\u00e9nicos&#8221; image=&#8221;https:\/\/takeaway-dev.es\/qualitymetalpre\/wp-content\/uploads\/2021\/05\/7.svg&#8221; alt=&#8221;Icono Acero Inoxidable 304 Quality Metal&#8221; icon_placement=&#8221;left&#8221; content_max_width_tablet=&#8221;100%&#8221; content_max_width_phone=&#8221;&#8221; content_max_width_last_edited=&#8221;on|tablet&#8221; _builder_version=&#8221;4.16&#8243; _module_preset=&#8221;default&#8221; header_font=&#8221;Poppins||||||||&#8221; header_text_color=&#8221;#FFFFFF&#8221; header_font_size=&#8221;16px&#8221; body_font=&#8221;Poppins|300|||||||&#8221; body_text_color=&#8221;#FFFFFF&#8221; body_font_size=&#8221;14px&#8221; body_line_height=&#8221;1.4em&#8221; global_colors_info=&#8221;{}&#8221;][\/et_pb_blurb][et_pb_blurb title=&#8221;Sistema de sujeci\u00f3n a pared de alta resistencia &#8221; image=&#8221;https:\/\/takeaway-dev.es\/qualitymetalpre\/wp-content\/uploads\/2021\/05\/31Mejor-Sujecion.svg&#8221; alt=&#8221;Icono Acero Inoxidable 304 Quality Metal&#8221; icon_placement=&#8221;left&#8221; content_max_width_tablet=&#8221;100%&#8221; content_max_width_phone=&#8221;&#8221; content_max_width_last_edited=&#8221;on|tablet&#8221; _builder_version=&#8221;4.16&#8243; _module_preset=&#8221;default&#8221; header_font=&#8221;Poppins||||||||&#8221; header_text_color=&#8221;#FFFFFF&#8221; header_font_size=&#8221;16px&#8221; body_font=&#8221;Poppins|300|||||||&#8221; body_text_color=&#8221;#FFFFFF&#8221; body_font_size=&#8221;14px&#8221; body_line_height=&#8221;1.4em&#8221; global_colors_info=&#8221;{}&#8221;][\/et_pb_blurb][\/et_pb_column][et_pb_column type=&#8221;1_3&#8243; _builder_version=&#8221;4.16&#8243; _module_preset=&#8221;default&#8221; global_colors_info=&#8221;{}&#8221;][et_pb_image src=&#8221;https:\/\/takeaway-dev.es\/qualitymetalpre\/wp-content\/uploads\/2021\/02\/CATA\u0301LOGOqmplus.jpg&#8221; title_text=&#8221;CATA\u0301LOGOqmplus&#8221; disabled_on=&#8221;on|on|on&#8221; _builder_version=&#8221;4.16&#8243; _module_preset=&#8221;default&#8221; custom_margin=&#8221;|||70px|false|false&#8221; disabled=&#8221;on&#8221; global_colors_info=&#8221;{}&#8221;][\/et_pb_image][et_pb_blurb title=&#8221;Alta resistencia a la corrosi\u00f3n y al desgaste&#8221; image=&#8221;https:\/\/takeaway-dev.es\/qualitymetalpre\/wp-content\/uploads\/2021\/05\/4.svg&#8221; alt=&#8221;Icono Acero Inoxidable 304 Quality Metal&#8221; icon_placement=&#8221;left&#8221; content_max_width_tablet=&#8221;100%&#8221; content_max_width_phone=&#8221;&#8221; content_max_width_last_edited=&#8221;on|tablet&#8221; _builder_version=&#8221;4.16&#8243; _module_preset=&#8221;default&#8221; header_font=&#8221;Poppins||||||||&#8221; header_text_color=&#8221;#FFFFFF&#8221; header_font_size=&#8221;16px&#8221; body_font=&#8221;Poppins|300|||||||&#8221; body_text_color=&#8221;#FFFFFF&#8221; body_font_size=&#8221;14px&#8221; body_line_height=&#8221;1.4em&#8221; global_colors_info=&#8221;{}&#8221;][\/et_pb_blurb][et_pb_blurb title=&#8221;Resistentes a medios de desinfecci\u00f3n agresivos &#8221; image=&#8221;https:\/\/takeaway-dev.es\/qualitymetalpre\/wp-content\/uploads\/2021\/05\/1.svg&#8221; alt=&#8221;Icono Acero Inoxidable 304 Quality Metal&#8221; icon_placement=&#8221;left&#8221; _builder_version=&#8221;4.16&#8243; _module_preset=&#8221;default&#8221; header_font=&#8221;Poppins||||||||&#8221; header_text_color=&#8221;#FFFFFF&#8221; header_font_size=&#8221;16px&#8221; body_font=&#8221;Poppins|300|||||||&#8221; body_text_color=&#8221;#FFFFFF&#8221; body_font_size=&#8221;14px&#8221; body_line_height=&#8221;1.4em&#8221; custom_margin=&#8221;|139px||||&#8221; custom_margin_tablet=&#8221;&#8221; custom_margin_phone=&#8221;|16px|||false|false&#8221; custom_margin_last_edited=&#8221;on|phone&#8221; global_colors_info=&#8221;{}&#8221;][\/et_pb_blurb][et_pb_blurb title=&#8221;Sistema Antimanchas&#8221; image=&#8221;https:\/\/takeaway-dev.es\/qualitymetalpre\/wp-content\/uploads\/2021\/05\/20Anti-Manchas.svg&#8221; alt=&#8221;Icono Acero Inoxidable 304 Quality Metal&#8221; icon_placement=&#8221;left&#8221; content_max_width_tablet=&#8221;100%&#8221; content_max_width_phone=&#8221;&#8221; content_max_width_last_edited=&#8221;on|tablet&#8221; _builder_version=&#8221;4.16&#8243; _module_preset=&#8221;default&#8221; header_font=&#8221;Poppins||||||||&#8221; header_text_color=&#8221;#FFFFFF&#8221; header_font_size=&#8221;16px&#8221; body_font=&#8221;Poppins|300|||||||&#8221; body_text_color=&#8221;#FFFFFF&#8221; body_font_size=&#8221;14px&#8221; body_line_height=&#8221;1.4em&#8221; global_colors_info=&#8221;{}&#8221;][\/et_pb_blurb][\/et_pb_column][et_pb_column type=&#8221;1_3&#8243; _builder_version=&#8221;4.16&#8243; _module_preset=&#8221;default&#8221; global_colors_info=&#8221;{}&#8221;][et_pb_blurb title=&#8221;F\u00e1cil Instalaci\u00f3n &#8221; image=&#8221;https:\/\/takeaway-dev.es\/qualitymetalpre\/wp-content\/uploads\/2021\/05\/11.svg&#8221; alt=&#8221;Icono Acero Inoxidable 304 Quality Metal&#8221; icon_placement=&#8221;left&#8221; content_max_width_tablet=&#8221;100%&#8221; content_max_width_phone=&#8221;&#8221; content_max_width_last_edited=&#8221;on|tablet&#8221; _builder_version=&#8221;4.16&#8243; _module_preset=&#8221;default&#8221; header_font=&#8221;Poppins||||||||&#8221; header_text_color=&#8221;#FFFFFF&#8221; header_font_size=&#8221;16px&#8221; body_font=&#8221;Poppins|300|||||||&#8221; body_text_color=&#8221;#FFFFFF&#8221; body_font_size=&#8221;14px&#8221; body_line_height=&#8221;1.4em&#8221; global_colors_info=&#8221;{}&#8221;][\/et_pb_blurb][et_pb_blurb title=&#8221;Dise\u00f1ado para alto tr\u00e1fico&#8221; image=&#8221;https:\/\/takeaway-dev.es\/qualitymetalpre\/wp-content\/uploads\/2021\/05\/21Alto-Trafico.svg&#8221; alt=&#8221;Icono Acero Inoxidable 304 Quality Metal&#8221; icon_placement=&#8221;left&#8221; content_max_width_tablet=&#8221;100%&#8221; content_max_width_phone=&#8221;&#8221; content_max_width_last_edited=&#8221;on|tablet&#8221; _builder_version=&#8221;4.16&#8243; _module_preset=&#8221;default&#8221; header_font=&#8221;Poppins||||||||&#8221; header_text_color=&#8221;#FFFFFF&#8221; header_font_size=&#8221;16px&#8221; body_font=&#8221;Poppins|300|||||||&#8221; body_text_color=&#8221;#FFFFFF&#8221; body_font_size=&#8221;14px&#8221; body_line_height=&#8221;1.4em&#8221; global_colors_info=&#8221;{}&#8221;][\/et_pb_blurb][\/et_pb_column][\/et_pb_row][\/et_pb_section][et_pb_section fb_built=&#8221;1&#8243; _builder_version=&#8221;4.17.4&#8243; _module_preset=&#8221;default&#8221; da_disable_devices=&#8221;off|off|off&#8221; global_colors_info=&#8221;{}&#8221; da_is_popup=&#8221;off&#8221; da_exit_intent=&#8221;off&#8221; da_has_close=&#8221;on&#8221; da_alt_close=&#8221;off&#8221; da_dark_close=&#8221;off&#8221; da_not_modal=&#8221;on&#8221; da_is_singular=&#8221;off&#8221; da_with_loader=&#8221;off&#8221; da_has_shadow=&#8221;on&#8221;][et_pb_row _builder_version=&#8221;4.17.4&#8243; _module_preset=&#8221;default&#8221; global_colors_info=&#8221;{}&#8221;][et_pb_column type=&#8221;4_4&#8243; _builder_version=&#8221;4.17.4&#8243; _module_preset=&#8221;default&#8221; global_colors_info=&#8221;{}&#8221;][\/et_pb_column][\/et_pb_row][\/et_pb_section]<\/p>\n","protected":false},"excerpt":{"rendered":"<p>Elaborada en acero inoxidable AISI304, soporta altas temperaturas y cuenta con asientos de tefl\u00f3n. Evita todo tipo de fatigas o fugas en tu hogar. Producto certificado de presi\u00f3n nominal otorgado por el IMME en la UCV en su escuela de Ingenier\u00eda Mec\u00e1nica. Proceso de fabricaci\u00f3n certificado bajo la norma ISO9001. &nbsp; &nbsp;Elementos que marcan la [&hellip;]<\/p>\n","protected":false},"author":5,"featured_media":225886,"parent":0,"menu_order":0,"comment_status":"closed","ping_status":"closed","template":"","meta":{"_et_pb_use_builder":"on","_et_pb_old_content":"","_et_gb_content_width":"","inline_featured_image":false,"footnotes":""},"acf":[],"yoast_head":"<!-- This site is optimized with the Yoast SEO plugin v21.0 - https:\/\/yoast.com\/wordpress\/plugins\/seo\/ -->\n<title>V\u00e1lvula de paso de bola - Quality Metal<\/title>\n<meta name=\"description\" content=\"Nuestras v\u00e1lvulas de paso de bola de Acero Inoxidable AISI 304 dan eficacia y resistencia en cada aplicaci\u00f3n. \u00a1Durabilidad a tu alcance!\" \/>\n<meta name=\"robots\" content=\"noindex, nofollow\" \/>\n<meta property=\"og:locale\" content=\"es_ES\" \/>\n<meta property=\"og:type\" content=\"article\" \/>\n<meta property=\"og:title\" content=\"V\u00e1lvula de paso de bola - Quality Metal\" \/>\n<meta property=\"og:description\" content=\"Nuestras v\u00e1lvulas de paso de bola de Acero Inoxidable AISI 304 dan eficacia y resistencia en cada aplicaci\u00f3n. \u00a1Durabilidad a tu alcance!\" \/>\n<meta property=\"og:url\" content=\"https:\/\/takeaway-dev.es\/qualitymetalpre\/plomeria\/valvulas\/valvula-de-paso-de-bola\/\" \/>\n<meta property=\"og:site_name\" content=\"Quality Metal\" \/>\n<meta property=\"article:modified_time\" content=\"2024-04-18T12:12:15+00:00\" \/>\n<meta property=\"og:image\" content=\"https:\/\/takeaway-dev.es\/qualitymetalpre\/wp-content\/uploads\/2021\/05\/7.-Herrajes-de-cocina.jpg\" \/>\n\t<meta property=\"og:image:width\" content=\"1920\" \/>\n\t<meta property=\"og:image:height\" content=\"1080\" \/>\n\t<meta property=\"og:image:type\" content=\"image\/jpeg\" \/>\n<meta name=\"twitter:card\" content=\"summary_large_image\" \/>\n<meta name=\"twitter:label1\" content=\"Tiempo de lectura\" \/>\n\t<meta name=\"twitter:data1\" content=\"3 minutos\" \/>\n<script type=\"application\/ld+json\" class=\"yoast-schema-graph\">{\"@context\":\"https:\/\/schema.org\",\"@graph\":[{\"@type\":\"WebPage\",\"@id\":\"https:\/\/takeaway-dev.es\/qualitymetalpre\/plomeria\/valvulas\/valvula-de-paso-de-bola\/\",\"url\":\"https:\/\/takeaway-dev.es\/qualitymetalpre\/plomeria\/valvulas\/valvula-de-paso-de-bola\/\",\"name\":\"V\u00e1lvula de paso de bola - Quality Metal\",\"isPartOf\":{\"@id\":\"https:\/\/takeaway-dev.es\/qualitymetalpre\/#website\"},\"datePublished\":\"2024-03-26T11:59:32+00:00\",\"dateModified\":\"2024-04-18T12:12:15+00:00\",\"description\":\"Nuestras v\u00e1lvulas de paso de bola de Acero Inoxidable AISI 304 dan eficacia y resistencia en cada aplicaci\u00f3n. \u00a1Durabilidad a tu alcance!\",\"breadcrumb\":{\"@id\":\"https:\/\/takeaway-dev.es\/qualitymetalpre\/plomeria\/valvulas\/valvula-de-paso-de-bola\/#breadcrumb\"},\"inLanguage\":\"es\",\"potentialAction\":[{\"@type\":\"ReadAction\",\"target\":[\"https:\/\/takeaway-dev.es\/qualitymetalpre\/plomeria\/valvulas\/valvula-de-paso-de-bola\/\"]}]},{\"@type\":\"BreadcrumbList\",\"@id\":\"https:\/\/takeaway-dev.es\/qualitymetalpre\/plomeria\/valvulas\/valvula-de-paso-de-bola\/#breadcrumb\",\"itemListElement\":[{\"@type\":\"ListItem\",\"position\":1,\"name\":\"Portada\",\"item\":\"https:\/\/takeaway-dev.es\/qualitymetalpre\/\"},{\"@type\":\"ListItem\",\"position\":2,\"name\":\"V\u00e1lvula de paso de bola\"}]},{\"@type\":\"WebSite\",\"@id\":\"https:\/\/takeaway-dev.es\/qualitymetalpre\/#website\",\"url\":\"https:\/\/takeaway-dev.es\/qualitymetalpre\/\",\"name\":\"Quality Metal\",\"description\":\"Quality Metal - 100% Acero Inoxidable\",\"publisher\":{\"@id\":\"https:\/\/takeaway-dev.es\/qualitymetalpre\/#organization\"},\"potentialAction\":[{\"@type\":\"SearchAction\",\"target\":{\"@type\":\"EntryPoint\",\"urlTemplate\":\"https:\/\/takeaway-dev.es\/qualitymetalpre\/?s={search_term_string}\"},\"query-input\":\"required name=search_term_string\"}],\"inLanguage\":\"es\"},{\"@type\":\"Organization\",\"@id\":\"https:\/\/takeaway-dev.es\/qualitymetalpre\/#organization\",\"name\":\"Quality Metal\",\"url\":\"https:\/\/takeaway-dev.es\/qualitymetalpre\/\",\"logo\":{\"@type\":\"ImageObject\",\"inLanguage\":\"es\",\"@id\":\"https:\/\/takeaway-dev.es\/qualitymetalpre\/#\/schema\/logo\/image\/\",\"url\":\"https:\/\/takeaway-dev.es\/qualitymetalpre\/wp-content\/uploads\/2021\/08\/LogoQMV-WEB.svg\",\"contentUrl\":\"https:\/\/takeaway-dev.es\/qualitymetalpre\/wp-content\/uploads\/2021\/08\/LogoQMV-WEB.svg\",\"width\":\"1024\",\"height\":\"1024\",\"caption\":\"Quality Metal\"},\"image\":{\"@id\":\"https:\/\/takeaway-dev.es\/qualitymetalpre\/#\/schema\/logo\/image\/\"}}]}<\/script>\n<!-- \/ Yoast SEO plugin. -->","yoast_head_json":{"title":"V\u00e1lvula de paso de bola - Quality Metal","description":"Nuestras v\u00e1lvulas de paso de bola de Acero Inoxidable AISI 304 dan eficacia y resistencia en cada aplicaci\u00f3n. \u00a1Durabilidad a tu alcance!","robots":{"index":"noindex","follow":"nofollow"},"og_locale":"es_ES","og_type":"article","og_title":"V\u00e1lvula de paso de bola - Quality Metal","og_description":"Nuestras v\u00e1lvulas de paso de bola de Acero Inoxidable AISI 304 dan eficacia y resistencia en cada aplicaci\u00f3n. \u00a1Durabilidad a tu alcance!","og_url":"https:\/\/takeaway-dev.es\/qualitymetalpre\/plomeria\/valvulas\/valvula-de-paso-de-bola\/","og_site_name":"Quality Metal","article_modified_time":"2024-04-18T12:12:15+00:00","og_image":[{"width":1920,"height":1080,"url":"https:\/\/takeaway-dev.es\/qualitymetalpre\/wp-content\/uploads\/2021\/05\/7.-Herrajes-de-cocina.jpg","type":"image\/jpeg"}],"twitter_card":"summary_large_image","twitter_misc":{"Tiempo de lectura":"3 minutos"},"schema":{"@context":"https:\/\/schema.org","@graph":[{"@type":"WebPage","@id":"https:\/\/takeaway-dev.es\/qualitymetalpre\/plomeria\/valvulas\/valvula-de-paso-de-bola\/","url":"https:\/\/takeaway-dev.es\/qualitymetalpre\/plomeria\/valvulas\/valvula-de-paso-de-bola\/","name":"V\u00e1lvula de paso de bola - Quality Metal","isPartOf":{"@id":"https:\/\/takeaway-dev.es\/qualitymetalpre\/#website"},"datePublished":"2024-03-26T11:59:32+00:00","dateModified":"2024-04-18T12:12:15+00:00","description":"Nuestras v\u00e1lvulas de paso de bola de Acero Inoxidable AISI 304 dan eficacia y resistencia en cada aplicaci\u00f3n. \u00a1Durabilidad a tu alcance!","breadcrumb":{"@id":"https:\/\/takeaway-dev.es\/qualitymetalpre\/plomeria\/valvulas\/valvula-de-paso-de-bola\/#breadcrumb"},"inLanguage":"es","potentialAction":[{"@type":"ReadAction","target":["https:\/\/takeaway-dev.es\/qualitymetalpre\/plomeria\/valvulas\/valvula-de-paso-de-bola\/"]}]},{"@type":"BreadcrumbList","@id":"https:\/\/takeaway-dev.es\/qualitymetalpre\/plomeria\/valvulas\/valvula-de-paso-de-bola\/#breadcrumb","itemListElement":[{"@type":"ListItem","position":1,"name":"Portada","item":"https:\/\/takeaway-dev.es\/qualitymetalpre\/"},{"@type":"ListItem","position":2,"name":"V\u00e1lvula de paso de bola"}]},{"@type":"WebSite","@id":"https:\/\/takeaway-dev.es\/qualitymetalpre\/#website","url":"https:\/\/takeaway-dev.es\/qualitymetalpre\/","name":"Quality Metal","description":"Quality Metal - 100% Acero Inoxidable","publisher":{"@id":"https:\/\/takeaway-dev.es\/qualitymetalpre\/#organization"},"potentialAction":[{"@type":"SearchAction","target":{"@type":"EntryPoint","urlTemplate":"https:\/\/takeaway-dev.es\/qualitymetalpre\/?s={search_term_string}"},"query-input":"required name=search_term_string"}],"inLanguage":"es"},{"@type":"Organization","@id":"https:\/\/takeaway-dev.es\/qualitymetalpre\/#organization","name":"Quality Metal","url":"https:\/\/takeaway-dev.es\/qualitymetalpre\/","logo":{"@type":"ImageObject","inLanguage":"es","@id":"https:\/\/takeaway-dev.es\/qualitymetalpre\/#\/schema\/logo\/image\/","url":"https:\/\/takeaway-dev.es\/qualitymetalpre\/wp-content\/uploads\/2021\/08\/LogoQMV-WEB.svg","contentUrl":"https:\/\/takeaway-dev.es\/qualitymetalpre\/wp-content\/uploads\/2021\/08\/LogoQMV-WEB.svg","width":"1024","height":"1024","caption":"Quality Metal"},"image":{"@id":"https:\/\/takeaway-dev.es\/qualitymetalpre\/#\/schema\/logo\/image\/"}}]}},"_links":{"self":[{"href":"https:\/\/takeaway-dev.es\/qualitymetalpre\/wp-json\/wp\/v2\/pages\/236322"}],"collection":[{"href":"https:\/\/takeaway-dev.es\/qualitymetalpre\/wp-json\/wp\/v2\/pages"}],"about":[{"href":"https:\/\/takeaway-dev.es\/qualitymetalpre\/wp-json\/wp\/v2\/types\/page"}],"author":[{"embeddable":true,"href":"https:\/\/takeaway-dev.es\/qualitymetalpre\/wp-json\/wp\/v2\/users\/5"}],"replies":[{"embeddable":true,"href":"https:\/\/takeaway-dev.es\/qualitymetalpre\/wp-json\/wp\/v2\/comments?post=236322"}],"version-history":[{"count":10,"href":"https:\/\/takeaway-dev.es\/qualitymetalpre\/wp-json\/wp\/v2\/pages\/236322\/revisions"}],"predecessor-version":[{"id":236466,"href":"https:\/\/takeaway-dev.es\/qualitymetalpre\/wp-json\/wp\/v2\/pages\/236322\/revisions\/236466"}],"wp:featuredmedia":[{"embeddable":true,"href":"https:\/\/takeaway-dev.es\/qualitymetalpre\/wp-json\/wp\/v2\/media\/225886"}],"wp:attachment":[{"href":"https:\/\/takeaway-dev.es\/qualitymetalpre\/wp-json\/wp\/v2\/media?parent=236322"}],"curies":[{"name":"wp","href":"https:\/\/api.w.org\/{rel}","templated":true}]}}